Last updated on 2025-01-24 07:49:33 CET.
Flavor | Version | Tinstall | Tcheck | Ttotal | Status | Flags |
---|---|---|---|---|---|---|
r-devel-linux-x86_64-debian-clang | 0.1.0 | 10.46 | 65.99 | 76.45 | OK | |
r-devel-linux-x86_64-debian-gcc | 0.1.0 | 7.37 | 47.07 | 54.44 | OK | |
r-devel-linux-x86_64-fedora-clang | 0.1.0 | 121.52 | NOTE | |||
r-devel-linux-x86_64-fedora-gcc | 0.1.0 | 111.69 | NOTE | |||
r-devel-windows-x86_64 | 0.1.0 | 11.00 | 79.00 | 90.00 | OK | |
r-patched-linux-x86_64 | 0.1.0 | 9.44 | 60.59 | 70.03 | OK | |
r-release-linux-x86_64 | 0.1.0 | 10.29 | 60.40 | 70.69 | OK | |
r-release-macos-arm64 | 0.1.0 | 36.00 | OK | |||
r-release-macos-x86_64 | 0.1.0 | 71.00 | OK | |||
r-release-windows-x86_64 | 0.1.0 | 12.00 | 75.00 | 87.00 | OK | |
r-oldrel-macos-arm64 | 0.1.0 | 38.00 | OK | |||
r-oldrel-macos-x86_64 | 0.1.0 | 58.00 | OK | |||
r-oldrel-windows-x86_64 | 0.1.0 | 14.00 | 93.00 | 107.00 | OK |
Version: 0.1.0
Check: dependencies in R code
Result: NOTE
Namespaces in Imports field not imported from:
‘R6’ ‘crosstalk’
All declared Imports should be used.
Flavors: r-devel-linux-x86_64-fedora-clang, r-devel-linux-x86_64-fedora-gcc