CRAN Package Check Results for Package tsdistributions

Last updated on 2024-06-23 17:54:08 CEST.

Flavor Version Tinstall Tcheck Ttotal Status Flags
r-devel-linux-x86_64-debian-clang 1.0.1 109.85 371.17 481.02 OK
r-devel-linux-x86_64-debian-gcc 1.0.1 94.30 276.73 371.03 OK
r-devel-linux-x86_64-fedora-clang 1.0.1 609.00 OK
r-devel-linux-x86_64-fedora-gcc 1.0.1 704.82 OK
r-devel-windows-x86_64 1.0.1 88.00 334.00 422.00 NOTE
r-patched-linux-x86_64 1.0.1 121.71 371.40 493.11 OK
r-release-linux-x86_64 1.0.1 107.76 377.55 485.31 OK
r-release-macos-arm64 1.0.1 174.00 NOTE
r-release-macos-x86_64 1.0.1 284.00 NOTE
r-release-windows-x86_64 1.0.1 94.00 348.00 442.00 NOTE
r-oldrel-macos-arm64 1.0.1 172.00 NOTE
r-oldrel-macos-x86_64 1.0.1 439.00 NOTE
r-oldrel-windows-x86_64 1.0.1 115.00 426.00 541.00 NOTE

Check Details

Version: 1.0.1
Check: installed package size
Result: NOTE installed size is 13.5Mb sub-directories of 1Mb or more: libs 12.9Mb Flavors: r-devel-windows-x86_64, r-release-macos-arm64, r-release-macos-x86_64, r-release-windows-x86_64, r-oldrel-macos-arm64, r-oldrel-macos-x86_64, r-oldrel-windows-x86_64