CRAN Package Check Results for Package triplesmatch

Last updated on 2024-06-15 06:49:59 CEST.

Flavor Version Tinstall Tcheck Ttotal Status Flags
r-devel-linux-x86_64-debian-clang 1.0.0 6.78 73.01 79.79 NOTE
r-devel-linux-x86_64-debian-gcc 1.0.0 6.91 55.26 62.17 NOTE
r-devel-linux-x86_64-fedora-clang 1.0.0 104.94 NOTE
r-devel-linux-x86_64-fedora-gcc 1.0.0 97.76 NOTE
r-devel-windows-x86_64 1.0.0 7.00 79.00 86.00 NOTE
r-patched-linux-x86_64 1.0.0 7.35 71.64 78.99 NOTE
r-release-linux-x86_64 1.0.0 6.79 70.84 77.63 NOTE
r-release-macos-arm64 1.0.0 32.00 NOTE
r-release-macos-x86_64 1.0.0 49.00 NOTE
r-release-windows-x86_64 1.0.0 7.00 83.00 90.00 NOTE
r-oldrel-macos-arm64 1.0.0 35.00 NOTE
r-oldrel-macos-x86_64 1.0.0 67.00 NOTE
r-oldrel-windows-x86_64 1.0.0 10.00 88.00 98.00 NOTE

Check Details

Version: 1.0.0
Check: package dependencies
Result: NOTE Packages suggested but not available for checking: 'rrelaxiv', 'gurobi' Flavors: r-devel-linux-x86_64-debian-clang, r-devel-linux-x86_64-debian-gcc, r-devel-linux-x86_64-fedora-clang, r-devel-linux-x86_64-fedora-gcc, r-devel-windows-x86_64, r-patched-linux-x86_64, r-release-linux-x86_64, r-release-macos-arm64, r-release-macos-x86_64, r-release-windows-x86_64, r-oldrel-macos-arm64, r-oldrel-macos-x86_64, r-oldrel-windows-x86_64