CRAN Package Check Results for Package treestats

Last updated on 2024-06-23 17:54:08 CEST.

Flavor Version Tinstall Tcheck Ttotal Status Flags
r-devel-linux-x86_64-debian-clang 1.0.5 127.82 76.03 203.85 OK
r-devel-linux-x86_64-debian-gcc 1.0.5 89.13 55.08 144.21 OK
r-devel-linux-x86_64-fedora-clang 1.0.5 337.77 OK
r-devel-linux-x86_64-fedora-gcc 1.0.5 325.14 OK
r-devel-windows-x86_64 1.0.5 99.00 105.00 204.00 OK
r-patched-linux-x86_64 1.0.5 80.60 72.64 153.24 OK
r-release-linux-x86_64 1.0.5 81.15 72.63 153.78 OK
r-release-macos-arm64 1.0.5 78.00 OK
r-release-macos-x86_64 1.0.5 74.00 OK
r-release-windows-x86_64 1.0.5 96.00 110.00 206.00 OK
r-oldrel-macos-arm64 1.0.5 76.00 NOTE
r-oldrel-macos-x86_64 1.0.5 123.00 OK
r-oldrel-windows-x86_64 1.0.5 119.00 121.00 240.00 OK

Check Details

Version: 1.0.5
Check: installed package size
Result: NOTE installed size is 5.0Mb sub-directories of 1Mb or more: libs 4.5Mb Flavor: r-oldrel-macos-arm64