CRAN Package Check Results for Package tidyterra

Last updated on 2024-06-12 17:57:36 CEST.

Flavor Version Tinstall Tcheck Ttotal Status Flags
r-devel-linux-x86_64-debian-clang 0.6.1 37.71 552.40 590.11 OK
r-devel-linux-x86_64-debian-gcc 0.6.1 0.64 1.74 2.38 ERROR
r-devel-linux-x86_64-fedora-clang 0.6.1 438.60 OK
r-devel-linux-x86_64-fedora-gcc 0.6.1 420.90 OK
r-devel-windows-x86_64 0.6.1 26.00 320.00 346.00 OK
r-patched-linux-x86_64 0.6.0 36.93 498.45 535.38 OK
r-release-linux-x86_64 0.6.1 27.21 438.79 466.00 OK
r-release-macos-arm64 0.6.1 153.00 OK
r-release-macos-x86_64 0.6.1 442.00 OK
r-release-windows-x86_64 0.6.0 27.00 314.00 341.00 OK
r-oldrel-macos-arm64 0.6.1 154.00 OK
r-oldrel-macos-x86_64 0.6.1 327.00 OK
r-oldrel-windows-x86_64 0.6.1 28.00 300.00 328.00 OK

Check Details

Version: 0.6.1
Check: package dependencies
Result: ERROR Packages required but not available: 'dplyr', 'ggplot2', 'tibble', 'tidyr' Packages suggested but not available for checking: 'maptiles', 'metR', 'testthat', 'vctrs', 'vdiffr' See section ‘The DESCRIPTION file’ in the ‘Writing R Extensions’ manual. Flavor: r-devel-linux-x86_64-debian-gcc