CRAN Package Check Results for Package tidystringdist

Last updated on 2024-07-19 06:50:29 CEST.

Flavor Version Tinstall Tcheck Ttotal Status Flags
r-devel-linux-x86_64-debian-clang 0.1.4 4.39 47.72 52.11 NOTE
r-devel-linux-x86_64-debian-gcc 0.1.4 3.22 36.67 39.89 NOTE
r-devel-linux-x86_64-fedora-clang 0.1.4 70.45 NOTE
r-devel-linux-x86_64-fedora-gcc 0.1.4 75.26 NOTE
r-devel-windows-x86_64 0.1.4 5.00 63.00 68.00 NOTE
r-patched-linux-x86_64 0.1.4 4.18 46.73 50.91 NOTE
r-release-linux-x86_64 0.1.4 3.91 46.64 50.55 NOTE
r-release-macos-arm64 0.1.4 31.00 NOTE
r-release-macos-x86_64 0.1.4 45.00 NOTE
r-release-windows-x86_64 0.1.4 5.00 63.00 68.00 NOTE
r-oldrel-macos-arm64 0.1.4 32.00 NOTE
r-oldrel-macos-x86_64 0.1.4 48.00 NOTE
r-oldrel-windows-x86_64 0.1.4 5.00 64.00 69.00 NOTE

Check Details

Version: 0.1.4
Check: LazyData
Result: NOTE 'LazyData' is specified without a 'data' directory Flavors: r-devel-linux-x86_64-debian-clang, r-devel-linux-x86_64-debian-gcc, r-devel-linux-x86_64-fedora-clang, r-devel-linux-x86_64-fedora-gcc, r-devel-windows-x86_64, r-patched-linux-x86_64, r-release-linux-x86_64, r-release-macos-arm64, r-release-macos-x86_64, r-release-windows-x86_64, r-oldrel-macos-arm64, r-oldrel-macos-x86_64, r-oldrel-windows-x86_64