CRAN Package Check Results for Package tidyindex

Last updated on 2024-07-22 18:52:35 CEST.

Flavor Version Tinstall Tcheck Ttotal Status Flags
r-devel-linux-x86_64-debian-clang 0.1.0 10.63 105.85 116.48 OK
r-devel-linux-x86_64-debian-gcc 0.1.0 7.87 77.76 85.63 OK
r-devel-linux-x86_64-fedora-clang 0.1.0 145.87 NOTE
r-devel-linux-x86_64-fedora-gcc 0.1.0 151.15 NOTE
r-devel-windows-x86_64 0.1.0 11.00 93.00 104.00 OK
r-patched-linux-x86_64 0.1.0 10.18 100.08 110.26 OK
r-release-linux-x86_64 0.1.0 6.18 98.14 104.32 OK
r-release-macos-arm64 0.1.0 47.00 OK
r-release-macos-x86_64 0.1.0 73.00 OK
r-release-windows-x86_64 0.1.0 12.00 94.00 106.00 OK
r-oldrel-macos-arm64 0.1.0 53.00 OK
r-oldrel-macos-x86_64 0.1.0 141.00 OK
r-oldrel-windows-x86_64 0.1.0 12.00 111.00 123.00 OK

Check Details

Version: 0.1.0
Check: data for non-ASCII characters
Result: NOTE Note: found 4 marked UTF-8 strings Flavors: r-devel-linux-x86_64-fedora-clang, r-devel-linux-x86_64-fedora-gcc