CRAN Package Check Results for Package tester

Last updated on 2024-07-13 18:55:47 CEST.

Flavor Version Tinstall Tcheck Ttotal Status Flags
r-devel-linux-x86_64-debian-clang 0.2.0 2.51 35.43 37.94 OK
r-devel-linux-x86_64-debian-gcc 0.2.0 2.20 27.08 29.28 OK
r-devel-linux-x86_64-fedora-clang 0.2.0 50.32 OK
r-devel-linux-x86_64-fedora-gcc 0.2.0 59.92 OK
r-devel-windows-x86_64 0.2.0 5.00 68.00 73.00 OK
r-patched-linux-x86_64 0.2.0 3.08 33.82 36.90 OK
r-release-linux-x86_64 0.2.0 2.67 34.48 37.15 OK
r-release-macos-arm64 0.2.0 26.00 OK
r-release-macos-x86_64 0.2.0 34.00 WARN
r-release-windows-x86_64 0.2.0 4.00 68.00 72.00 OK
r-oldrel-macos-arm64 0.2.0 32.00 OK
r-oldrel-macos-x86_64 0.2.0 63.00 OK
r-oldrel-windows-x86_64 0.2.0 4.00 68.00 72.00 OK

Check Details

Version: 0.2.0
Check: re-building of vignette outputs
Result: WARN Error(s) in re-building vignettes: ... --- re-building ‘tester_introduction.Rnw’ using knitr Error: processing vignette 'tester_introduction.Rnw' failed with diagnostics: Running 'texi2dvi' on 'tester_introduction.tex' failed. LaTeX errors: ! Undefined control sequence. l.98 \hldef {object} \hlkwb{=} \hlkwd{matrix}\hldef{(letters[}\hlnum{1}\hlopt... ? ! Emergency stop. l.98 End of file on the terminal! ! ==> Fatal error occurred, no output PDF file produced! --- failed re-building ‘tester_introduction.Rnw’ SUMMARY: processing the following file failed: ‘tester_introduction.Rnw’ Error: Vignette re-building failed. Execution halted Flavor: r-release-macos-x86_64