CRAN Package Check Results for Package ternvis

Last updated on 2024-07-18 18:48:24 CEST.

Flavor Version Tinstall Tcheck Ttotal Status Flags
r-devel-linux-x86_64-debian-clang 1.2 2.96 82.90 85.86 OK
r-devel-linux-x86_64-debian-gcc 1.2 3.32 55.02 58.34 OK
r-devel-linux-x86_64-fedora-clang 1.2 105.77 OK
r-devel-linux-x86_64-fedora-gcc 1.2 94.42 OK
r-devel-windows-x86_64 1.2 4.00 74.00 78.00 NOTE
r-patched-linux-x86_64 1.2 7.05 71.93 78.98 OK
r-release-linux-x86_64 1.2 3.42 72.18 75.60 OK
r-release-macos-arm64 1.2 29.00 OK
r-release-macos-x86_64 1.2 53.00 OK
r-release-windows-x86_64 1.2 5.00 75.00 80.00 OK
r-oldrel-macos-arm64 1.2 30.00 OK
r-oldrel-macos-x86_64 1.2 48.00 OK
r-oldrel-windows-x86_64 1.2 4.00 86.00 90.00 OK

Check Details

Version: 1.2
Check: Rd cross-references
Result: NOTE Found the following Rd file(s) with Rd \link{} targets missing package anchors: tcolour.Rd: dichromat tpalette.Rd: dichromat Please provide package anchors for all Rd \link{} targets not in the package itself and the base packages. Flavor: r-devel-windows-x86_64