CRAN Package Check Results for Package tern

Last updated on 2024-07-18 18:48:24 CEST.

Flavor Version Tinstall Tcheck Ttotal Status Flags
r-devel-linux-x86_64-debian-clang 0.9.5 36.27 694.81 731.08 OK
r-devel-linux-x86_64-debian-gcc 0.9.5 23.61 491.74 515.35 OK
r-devel-linux-x86_64-fedora-clang 0.9.5 669.12 NOTE
r-devel-linux-x86_64-fedora-gcc 0.9.5 838.12 OK
r-devel-windows-x86_64 0.9.5 31.00 498.00 529.00 NOTE
r-patched-linux-x86_64 0.9.5 38.59 661.70 700.29 OK
r-release-linux-x86_64 0.9.5 26.68 646.12 672.80 OK
r-release-macos-arm64 0.9.5 173.00 NOTE
r-release-macos-x86_64 0.9.5 364.00 NOTE
r-release-windows-x86_64 0.9.5 30.00 514.00 544.00 NOTE
r-oldrel-macos-arm64 0.9.5 258.00 NOTE
r-oldrel-macos-x86_64 0.9.5 448.00 NOTE
r-oldrel-windows-x86_64 0.9.5 40.00 649.00 689.00 NOTE

Check Details

Version: 0.9.5
Check: package dependencies
Result: NOTE Imports includes 21 non-default packages. Importing from so many packages makes the package vulnerable to any of them becoming unavailable. Move as many as possible to Suggests and use conditionally. Flavor: r-devel-linux-x86_64-fedora-clang

Version: 0.9.5
Check: installed package size
Result: NOTE installed size is 8.5Mb sub-directories of 1Mb or more: doc 4.5Mb help 2.7Mb Flavors: r-devel-linux-x86_64-fedora-clang, r-devel-windows-x86_64, r-release-macos-arm64, r-release-macos-x86_64, r-release-windows-x86_64, r-oldrel-macos-arm64, r-oldrel-macos-x86_64, r-oldrel-windows-x86_64