Last updated on 2025-01-22 08:49:30 CET.
Flavor | Version | Tinstall | Tcheck | Ttotal | Status | Flags |
---|---|---|---|---|---|---|
r-devel-linux-x86_64-debian-clang | 2.1.3 | 8.57 | 33.20 | 41.77 | NOTE | |
r-devel-linux-x86_64-debian-gcc | 2.1.3 | 8.90 | 26.06 | 34.96 | NOTE | |
r-devel-linux-x86_64-fedora-clang | 2.1.3 | 81.54 | NOTE | |||
r-devel-linux-x86_64-fedora-gcc | 2.1.3 | 89.54 | NOTE | |||
r-devel-windows-x86_64 | 2.1.3 | 15.00 | 73.00 | 88.00 | OK | |
r-patched-linux-x86_64 | 2.1.3 | 11.09 | 32.06 | 43.15 | NOTE | |
r-release-linux-x86_64 | 2.1.3 | 11.16 | 31.96 | 43.12 | NOTE | |
r-release-macos-arm64 | 2.1.3 | 31.00 | NOTE | |||
r-release-macos-x86_64 | 2.1.3 | 47.00 | NOTE | |||
r-release-windows-x86_64 | 2.1.3 | 17.00 | 72.00 | 89.00 | OK | |
r-oldrel-macos-arm64 | 2.1.3 | 36.00 | NOTE | |||
r-oldrel-macos-x86_64 | 2.1.3 | 77.00 | NOTE | |||
r-oldrel-windows-x86_64 | 2.1.3 | 19.00 | 85.00 | 104.00 | OK |
Version: 2.1.3
Check: C++ specification
Result: NOTE
Specified C++11: please drop specification unless essential
Flavors: r-devel-linux-x86_64-debian-clang, r-devel-linux-x86_64-debian-gcc, r-devel-linux-x86_64-fedora-clang, r-devel-linux-x86_64-fedora-gcc, r-patched-linux-x86_64, r-release-linux-x86_64, r-release-macos-arm64, r-release-macos-x86_64, r-oldrel-macos-arm64, r-oldrel-macos-x86_64