CRAN Package Check Results for Package surveyexplorer

Last updated on 2024-06-13 05:59:23 CEST.

Flavor Version Tinstall Tcheck Ttotal Status Flags
r-devel-linux-x86_64-debian-clang 0.2.0 8.14 106.21 114.35 OK
r-devel-linux-x86_64-debian-gcc 0.2.0 0.41 1.75 2.16 ERROR
r-devel-linux-x86_64-fedora-clang 0.2.0 139.85 OK
r-devel-linux-x86_64-fedora-gcc 0.2.0 133.17 OK
r-devel-windows-x86_64 0.2.0 7.00 92.00 99.00 OK
r-patched-linux-x86_64 0.1.0 4.91 98.48 103.39 OK
r-release-linux-x86_64 0.2.0 4.58 99.59 104.17 OK
r-release-macos-arm64 0.2.0 43.00 OK
r-release-macos-x86_64 0.2.0 105.00 OK
r-release-windows-x86_64 0.1.0 8.00 92.00 100.00 OK
r-oldrel-macos-arm64 0.2.0 41.00 OK
r-oldrel-macos-x86_64 0.2.0 86.00 OK
r-oldrel-windows-x86_64 0.2.0 10.00 96.00 106.00 OK

Check Details

Version: 0.2.0
Check: package dependencies
Result: ERROR Packages required but not available: 'dplyr', 'ggplot2', 'ggupset', 'gt', 'purrr', 'stringr', 'tidyr', 'tidyselect' Package suggested but not available for checking: ‘testthat’ See section ‘The DESCRIPTION file’ in the ‘Writing R Extensions’ manual. Flavor: r-devel-linux-x86_64-debian-gcc