CRAN Package Check Results for Package strvalidator

Last updated on 2024-07-15 18:51:35 CEST.

Flavor Version Tinstall Tcheck Ttotal Status Flags
r-devel-linux-x86_64-debian-clang 2.4.1 92.40 488.51 580.91 NOTE
r-devel-linux-x86_64-debian-gcc 2.4.1 66.39 342.10 408.49 NOTE
r-devel-linux-x86_64-fedora-clang 2.4.1 705.60 NOTE
r-devel-linux-x86_64-fedora-gcc 2.4.1 661.10 NOTE
r-devel-windows-x86_64 2.4.1 50.00 287.00 337.00 NOTE
r-patched-linux-x86_64 2.4.1 90.13 460.55 550.68 NOTE
r-release-linux-x86_64 2.4.1 53.23 456.51 509.74 NOTE
r-release-macos-arm64 2.4.1 308.00 NOTE
r-release-macos-x86_64 2.4.1 271.00 NOTE
r-release-windows-x86_64 2.4.1 49.00 291.00 340.00 NOTE
r-oldrel-macos-arm64 2.4.1 123.00 OK
r-oldrel-macos-x86_64 2.4.1 348.00 OK
r-oldrel-windows-x86_64 2.4.1 64.00 378.00 442.00 OK

Check Details

Version: 2.4.1
Check: Rd files
Result: NOTE checkRd: (-1) calculateStatistics.Rd:22: Lost braces; missing escapes or markup? 22 | \item{quant}{numeric quantile to calculate {0,1}, default 0.95.} | ^ Flavors: r-devel-linux-x86_64-debian-clang, r-devel-linux-x86_64-debian-gcc, r-devel-linux-x86_64-fedora-clang, r-devel-linux-x86_64-fedora-gcc, r-devel-windows-x86_64, r-patched-linux-x86_64, r-release-linux-x86_64, r-release-macos-arm64, r-release-macos-x86_64, r-release-windows-x86_64

Version: 2.4.1
Check: Rd cross-references
Result: NOTE Found the following Rd file(s) with Rd \link{} targets missing package anchors: calculateAllele.Rd: data.table calculateSpike.Rd: data.table combine_gui.Rd: rbind.fill editData_gui.Rd: gdf, gtable ggsave_gui.Rd: ggsave plotDistribution_gui.Rd: geom_density plotGroups_gui.Rd: stat_ecdf Please provide package anchors for all Rd \link{} targets not in the package itself and the base packages. Flavor: r-devel-windows-x86_64