CRAN Package Check Results for Package string2path

Last updated on 2024-06-13 17:49:29 CEST.

Flavor Version Tinstall Tcheck Ttotal Status Flags
r-devel-linux-x86_64-debian-clang 0.1.7 117.95 25.12 143.07 OK
r-devel-linux-x86_64-debian-gcc 0.1.7 0.49 1.70 2.19 ERROR
r-devel-linux-x86_64-fedora-clang 0.1.7 227.16 OK
r-devel-linux-x86_64-fedora-gcc 0.1.7 217.74 OK
r-devel-windows-x86_64 0.1.7 114.00 57.00 171.00 OK
r-patched-linux-x86_64 0.1.7 119.33 23.87 143.20 OK
r-release-linux-x86_64 0.1.7 127.73 25.11 152.84 OK
r-release-macos-arm64 0.1.7 53.00 NOTE
r-release-macos-x86_64 0.1.7 54.00 NOTE
r-release-windows-x86_64 0.1.7 120.00 64.00 184.00 OK
r-oldrel-macos-arm64 0.1.7 56.00 NOTE
r-oldrel-macos-x86_64 0.1.7 59.00 NOTE
r-oldrel-windows-x86_64 0.1.7 135.00 70.00 205.00 OK

Check Details

Version: 0.1.7
Check: package dependencies
Result: ERROR Package required but not available: ‘tibble’ Package suggested but not available for checking: ‘testthat’ See section ‘The DESCRIPTION file’ in the ‘Writing R Extensions’ manual. Flavor: r-devel-linux-x86_64-debian-gcc

Version: 0.1.7
Check: installed package size
Result: NOTE installed size is 7.4Mb sub-directories of 1Mb or more: libs 7.3Mb Flavors: r-release-macos-arm64, r-release-macos-x86_64, r-oldrel-macos-arm64, r-oldrel-macos-x86_64