Last updated on 2025-01-21 07:49:26 CET.
Flavor | Version | Tinstall | Tcheck | Ttotal | Status | Flags |
---|---|---|---|---|---|---|
r-devel-linux-x86_64-debian-clang | 0.9.8 | 82.39 | 145.49 | 227.88 | OK | |
r-devel-linux-x86_64-debian-gcc | 0.9.8 | 73.48 | 88.78 | 162.26 | OK | |
r-devel-linux-x86_64-fedora-clang | 0.9.8 | 372.62 | OK | |||
r-devel-linux-x86_64-fedora-gcc | 0.9.8 | 418.12 | OK | |||
r-devel-windows-x86_64 | 0.9.8 | 82.00 | 163.00 | 245.00 | OK | |
r-patched-linux-x86_64 | 0.9.8 | 100.24 | 134.78 | 235.02 | OK | |
r-release-linux-x86_64 | 0.9.8 | 97.83 | 136.26 | 234.09 | OK | |
r-release-macos-arm64 | 0.9.8 | 91.00 | NOTE | |||
r-release-macos-x86_64 | 0.9.8 | 191.00 | NOTE | |||
r-release-windows-x86_64 | 0.9.8 | 87.00 | 164.00 | 251.00 | OK | |
r-oldrel-macos-arm64 | 0.9.8 | 82.00 | NOTE | |||
r-oldrel-macos-x86_64 | 0.9.8 | 167.00 | NOTE | |||
r-oldrel-windows-x86_64 | 0.9.8 | 110.00 | 216.00 | 326.00 | OK |
Version: 0.9.8
Check: installed package size
Result: NOTE
installed size is 25.5Mb
sub-directories of 1Mb or more:
libs 25.3Mb
Flavors: r-release-macos-arm64, r-release-macos-x86_64, r-oldrel-macos-arm64, r-oldrel-macos-x86_64