CRAN Package Check Results for Package statgenSTA

Last updated on 2024-07-24 06:57:29 CEST.

Flavor Version Tinstall Tcheck Ttotal Status Flags
r-devel-linux-x86_64-debian-clang 1.0.13 11.64 261.96 273.60 NOTE
r-devel-linux-x86_64-debian-gcc 1.0.13 10.50 192.42 202.92 NOTE
r-devel-linux-x86_64-fedora-clang 1.0.13 345.43 NOTE
r-devel-linux-x86_64-fedora-gcc 1.0.13 332.58 NOTE
r-devel-windows-x86_64 1.0.13 13.00 190.00 203.00 NOTE
r-patched-linux-x86_64 1.0.13 12.01 249.26 261.27 NOTE
r-release-linux-x86_64 1.0.13 11.57 247.72 259.29 NOTE
r-release-macos-arm64 1.0.13 97.00 NOTE
r-release-macos-x86_64 1.0.13 160.00 NOTE
r-release-windows-x86_64 1.0.13 12.00 191.00 203.00 NOTE
r-oldrel-macos-arm64 1.0.13 106.00 NOTE
r-oldrel-macos-x86_64 1.0.13 283.00 NOTE
r-oldrel-windows-x86_64 1.0.13 15.00 250.00 265.00 NOTE

Check Details

Version: 1.0.13
Check: package dependencies
Result: NOTE Package suggested but not available for checking: ‘asreml’ Flavors: r-devel-linux-x86_64-debian-clang, r-devel-linux-x86_64-debian-gcc, r-devel-linux-x86_64-fedora-clang, r-devel-linux-x86_64-fedora-gcc, r-devel-windows-x86_64, r-patched-linux-x86_64, r-release-linux-x86_64, r-release-macos-arm64, r-release-macos-x86_64, r-release-windows-x86_64, r-oldrel-macos-arm64, r-oldrel-macos-x86_64, r-oldrel-windows-x86_64

Version: 1.0.13
Check: dependencies in R code
Result: NOTE Namespace in Imports field not imported from: ‘mapproj’ All declared Imports should be used. Flavors: r-devel-linux-x86_64-fedora-clang, r-devel-linux-x86_64-fedora-gcc