CRAN Package Check Results for Package statgenQTLxT

Last updated on 2024-07-24 18:54:03 CEST.

Flavor Version Tinstall Tcheck Ttotal Status Flags
r-devel-linux-x86_64-debian-clang 1.0.2 86.41 226.21 312.62 OK
r-devel-linux-x86_64-debian-gcc 1.0.2 58.50 192.56 251.06 NOTE
r-devel-linux-x86_64-fedora-clang 1.0.2 444.58 OK
r-devel-linux-x86_64-fedora-gcc 1.0.2 456.09 OK
r-devel-windows-x86_64 1.0.2 70.00 233.00 303.00 NOTE
r-patched-linux-x86_64 1.0.2 87.28 248.74 336.02 OK
r-release-linux-x86_64 1.0.2 53.63 246.29 299.92 OK
r-release-macos-arm64 1.0.2 166.00 NOTE
r-release-macos-x86_64 1.0.2 207.00 NOTE
r-release-windows-x86_64 1.0.2 80.00 253.00 333.00 OK
r-oldrel-macos-arm64 1.0.2 164.00 NOTE
r-oldrel-macos-x86_64 1.0.2 248.00 NOTE
r-oldrel-windows-x86_64 1.0.2 79.00 270.00 349.00 OK

Check Details

Version: 1.0.2
Check: Rd cross-references
Result: NOTE Found the following Rd file(s) with Rd \link{} targets missing package anchors: runMultiTraitGwas.Rd: GWAS Please provide package anchors for all Rd \link{} targets not in the package itself and the base packages. Flavors: r-devel-linux-x86_64-debian-gcc, r-devel-windows-x86_64

Version: 1.0.2
Check: installed package size
Result: NOTE installed size is 7.4Mb sub-directories of 1Mb or more: libs 6.4Mb Flavors: r-release-macos-arm64, r-release-macos-x86_64, r-oldrel-macos-arm64, r-oldrel-macos-x86_64