Last updated on 2025-01-25 19:49:00 CET.
Flavor | Version | Tinstall | Tcheck | Ttotal | Status | Flags |
---|---|---|---|---|---|---|
r-devel-linux-x86_64-debian-clang | 0.5.0 | 92.65 | 104.83 | 197.48 | OK | |
r-devel-linux-x86_64-debian-gcc | 0.5.0 | 54.09 | 83.84 | 137.93 | OK | |
r-devel-linux-x86_64-fedora-clang | 0.5.0 | 330.92 | OK | |||
r-devel-linux-x86_64-fedora-gcc | 0.5.0 | 367.84 | OK | |||
r-devel-windows-x86_64 | 0.5.0 | 80.00 | 156.00 | 236.00 | OK | |
r-patched-linux-x86_64 | 0.5.0 | 80.84 | 119.49 | 200.33 | OK | |
r-release-linux-x86_64 | 0.5.0 | 79.56 | 119.22 | 198.78 | OK | |
r-release-macos-arm64 | 0.5.0 | 97.00 | NOTE | |||
r-release-macos-x86_64 | 0.5.0 | 125.00 | NOTE | |||
r-release-windows-x86_64 | 0.5.0 | 79.00 | 156.00 | 235.00 | OK | |
r-oldrel-macos-arm64 | 0.5.0 | 111.00 | NOTE | |||
r-oldrel-macos-x86_64 | 0.5.0 | 181.00 | NOTE | |||
r-oldrel-windows-x86_64 | 0.5.0 | 97.00 | 181.00 | 278.00 | OK |
Version: 0.5.0
Check: installed package size
Result: NOTE
installed size is 6.8Mb
sub-directories of 1Mb or more:
libs 6.0Mb
Flavors: r-release-macos-arm64, r-release-macos-x86_64, r-oldrel-macos-arm64, r-oldrel-macos-x86_64