CRAN Package Check Results for Package starma

Last updated on 2024-07-18 18:48:23 CEST.

Flavor Version Tinstall Tcheck Ttotal Status Flags
r-devel-linux-x86_64-debian-clang 1.3 64.61 66.85 131.46 OK
r-devel-linux-x86_64-debian-gcc 1.3 40.21 51.12 91.33 OK
r-devel-linux-x86_64-fedora-clang 1.3 177.82 NOTE
r-devel-linux-x86_64-fedora-gcc 1.3 174.09 NOTE
r-devel-windows-x86_64 1.3 48.00 88.00 136.00 OK
r-patched-linux-x86_64 1.3 46.86 64.26 111.12 OK
r-release-linux-x86_64 1.3 50.39 66.41 116.80 OK
r-release-macos-arm64 1.3 45.00 OK
r-release-macos-x86_64 1.3 56.00 OK
r-release-windows-x86_64 1.3 49.00 86.00 135.00 OK
r-oldrel-macos-arm64 1.3 50.00 OK
r-oldrel-macos-x86_64 1.3 81.00 OK
r-oldrel-windows-x86_64 1.3 60.00 103.00 163.00 OK

Check Details

Version: 1.3
Check: compiled code
Result: NOTE File ‘starma/libs/starma.so’: Found no calls to: ‘R_registerRoutines’, ‘R_useDynamicSymbols’ It is good practice to register native routines and to disable symbol search. See ‘Writing portable packages’ in the ‘Writing R Extensions’ manual. Flavors: r-devel-linux-x86_64-fedora-clang, r-devel-linux-x86_64-fedora-gcc