CRAN Package Check Results for Package ssh

Last updated on 2024-07-18 18:48:23 CEST.

Flavor Version Tinstall Tcheck Ttotal Status Flags
r-devel-linux-x86_64-debian-clang 0.9.1 5.04 30.30 35.34 OK
r-devel-linux-x86_64-debian-gcc 0.9.1 4.11 23.40 27.51 OK
r-devel-linux-x86_64-fedora-clang 0.9.1 48.18 OK
r-devel-linux-x86_64-fedora-gcc 0.9.1 60.99 OK
r-devel-windows-x86_64 0.9.1 20.00 90.00 110.00 NOTE
r-patched-linux-x86_64 0.9.1 5.54 30.51 36.05 OK
r-release-linux-x86_64 0.9.1 5.06 29.92 34.98 OK
r-release-macos-arm64 0.9.1 31.00 OK
r-release-macos-x86_64 0.9.1 44.00 OK
r-release-windows-x86_64 0.9.1 20.00 90.00 110.00 NOTE
r-oldrel-macos-arm64 0.9.1 32.00 OK
r-oldrel-macos-x86_64 0.9.1 62.00 OK
r-oldrel-windows-x86_64 0.9.1 23.00 109.00 132.00 NOTE

Additional issues

rchk

Check Details

Version: 0.9.1
Check: installed package size
Result: NOTE installed size is 5.5Mb sub-directories of 1Mb or more: libs 4.6Mb Flavors: r-devel-windows-x86_64, r-release-windows-x86_64, r-oldrel-windows-x86_64