CRAN Package Check Results for Package sscor

Last updated on 2024-07-13 06:49:53 CEST.

Flavor Version Tinstall Tcheck Ttotal Status Flags
r-devel-linux-x86_64-debian-clang 0.2 2.85 29.34 32.19 NOTE
r-devel-linux-x86_64-debian-gcc 0.2 1.88 22.13 24.01 NOTE
r-devel-linux-x86_64-fedora-clang 0.2 39.97 NOTE
r-devel-linux-x86_64-fedora-gcc 0.2 38.03 NOTE
r-devel-windows-x86_64 0.2 3.00 45.00 48.00 NOTE
r-patched-linux-x86_64 0.2 5.54 27.83 33.37 NOTE
r-release-linux-x86_64 0.2 2.85 27.18 30.03 NOTE
r-release-macos-arm64 0.2 16.00 NOTE
r-release-macos-x86_64 0.2 24.00 NOTE
r-release-windows-x86_64 0.2 3.00 47.00 50.00 NOTE
r-oldrel-macos-arm64 0.2 19.00 NOTE
r-oldrel-macos-x86_64 0.2 24.00 NOTE
r-oldrel-windows-x86_64 0.2 3.00 47.00 50.00 NOTE

Check Details

Version: 0.2
Check: Rd files
Result: NOTE checkRd: (-1) sscor.Rd:33: Lost braces; missing escapes or markup? 33 | Otherwise, if {pdim=TRUE}, the pxp SSCM is computed, and then from the SSCM an estimator of the correlation matrix, which is done by the function \code{\link{SSCM2Shape}}, see there for details. | ^ Flavors: r-devel-linux-x86_64-debian-clang, r-devel-linux-x86_64-debian-gcc, r-devel-linux-x86_64-fedora-clang, r-devel-linux-x86_64-fedora-gcc, r-devel-windows-x86_64, r-patched-linux-x86_64, r-release-linux-x86_64, r-release-macos-arm64, r-release-macos-x86_64, r-release-windows-x86_64

Version: 0.2
Check: LazyData
Result: NOTE 'LazyData' is specified without a 'data' directory Flavors: r-devel-linux-x86_64-debian-clang, r-devel-linux-x86_64-debian-gcc, r-devel-linux-x86_64-fedora-clang, r-devel-linux-x86_64-fedora-gcc, r-devel-windows-x86_64, r-patched-linux-x86_64, r-release-linux-x86_64, r-release-macos-arm64, r-release-macos-x86_64, r-release-windows-x86_64, r-oldrel-macos-arm64, r-oldrel-macos-x86_64, r-oldrel-windows-x86_64

Version: 0.2
Check: Rd cross-references
Result: NOTE Found the following Rd file(s) with Rd \link{} targets missing package anchors: sscor.Rd: Qn Please provide package anchors for all Rd \link{} targets not in the package itself and the base packages. Flavor: r-devel-windows-x86_64