CRAN Package Check Results for Package srlTS

Last updated on 2024-06-14 05:58:41 CEST.

Flavor Version Tinstall Tcheck Ttotal Status Flags
r-devel-linux-x86_64-debian-clang 0.1.1 6.35 308.82 315.17 OK
r-devel-linux-x86_64-debian-gcc 0.1.1 0.41 1.87 2.28 ERROR
r-devel-linux-x86_64-fedora-clang 0.1.1 404.13 OK
r-devel-linux-x86_64-fedora-gcc 0.1.1 454.40 OK
r-devel-windows-x86_64 0.1.1 6.00 270.00 276.00 OK
r-patched-linux-x86_64 0.1.1 5.45 329.17 334.62 OK
r-release-linux-x86_64 0.1.1 4.77 333.17 337.94 OK
r-release-macos-arm64 0.1.1 182.00 OK
r-release-macos-x86_64 0.1.1 269.00 OK
r-release-windows-x86_64 0.1.1 8.00 300.00 308.00 OK
r-oldrel-macos-arm64 0.1.1 224.00 OK
r-oldrel-macos-x86_64 0.1.1 404.00 OK
r-oldrel-windows-x86_64 0.1.1 9.00 299.00 308.00 OK

Check Details

Version: 0.1.1
Check: package dependencies
Result: ERROR Packages required but not available: 'dplyr', 'yardstick' Packages suggested but not available for checking: 'kableExtra', 'testthat' See section ‘The DESCRIPTION file’ in the ‘Writing R Extensions’ manual. Flavor: r-devel-linux-x86_64-debian-gcc