CRAN Package Check Results for Package spork

Last updated on 2024-06-13 17:49:29 CEST.

Flavor Version Tinstall Tcheck Ttotal Status Flags
r-devel-linux-x86_64-debian-clang 0.3.3 6.34 93.81 100.15 OK
r-devel-linux-x86_64-debian-gcc 0.3.3 0.38 1.75 2.13 ERROR
r-devel-linux-x86_64-fedora-clang 0.3.3 127.22 OK
r-devel-linux-x86_64-fedora-gcc 0.3.3 115.87 OK
r-devel-windows-x86_64 0.3.3 8.00 98.00 106.00 OK
r-patched-linux-x86_64 0.3.3 11.10 89.24 100.34 OK
r-release-linux-x86_64 0.3.3 8.80 88.60 97.40 OK
r-release-macos-arm64 0.3.3 36.00 OK
r-release-macos-x86_64 0.3.3 57.00 OK
r-release-windows-x86_64 0.3.3 9.00 98.00 107.00 OK
r-oldrel-macos-arm64 0.3.3 44.00 OK
r-oldrel-macos-x86_64 0.3.3 104.00 OK
r-oldrel-windows-x86_64 0.3.3 11.00 112.00 123.00 OK

Check Details

Version: 0.3.3
Check: package dependencies
Result: ERROR Packages required but not available: 'ggplot2', 'kableExtra' Packages suggested but not available for checking: 'testthat', 'dplyr' See section ‘The DESCRIPTION file’ in the ‘Writing R Extensions’ manual. Flavor: r-devel-linux-x86_64-debian-gcc