CRAN Package Check Results for Package spectre

Last updated on 2024-07-13 06:49:53 CEST.

Flavor Version Tinstall Tcheck Ttotal Status Flags
r-devel-linux-x86_64-debian-clang 1.0.2 46.96 46.25 93.21 NOTE
r-devel-linux-x86_64-debian-gcc 1.0.2 37.51 34.85 72.36 NOTE
r-devel-linux-x86_64-fedora-clang 1.0.2 140.78 NOTE
r-devel-linux-x86_64-fedora-gcc 1.0.2 170.46 NOTE
r-devel-windows-x86_64 1.0.2 43.00 77.00 120.00 NOTE
r-patched-linux-x86_64 1.0.2 35.93 43.89 79.82 NOTE
r-release-linux-x86_64 1.0.2 35.54 42.61 78.15 NOTE
r-release-macos-arm64 1.0.2 48.00 NOTE
r-release-macos-x86_64 1.0.2 62.00 NOTE
r-release-windows-x86_64 1.0.2 47.00 82.00 129.00 NOTE
r-oldrel-macos-arm64 1.0.2 52.00 NOTE
r-oldrel-macos-x86_64 1.0.2 95.00 NOTE
r-oldrel-windows-x86_64 1.0.2 56.00 92.00 148.00 NOTE

Check Details

Version: 1.0.2
Check: C++ specification
Result: NOTE Specified C++11: please drop specification unless essential Flavors: r-devel-linux-x86_64-debian-clang, r-devel-linux-x86_64-debian-gcc, r-devel-linux-x86_64-fedora-clang, r-devel-linux-x86_64-fedora-gcc, r-devel-windows-x86_64, r-patched-linux-x86_64, r-release-linux-x86_64, r-release-macos-arm64, r-release-macos-x86_64, r-release-windows-x86_64, r-oldrel-macos-arm64, r-oldrel-macos-x86_64, r-oldrel-windows-x86_64

Version: 1.0.2
Check: installed package size
Result: NOTE installed size is 6.9Mb sub-directories of 1Mb or more: libs 6.6Mb Flavors: r-release-macos-arm64, r-release-macos-x86_64, r-oldrel-macos-arm64, r-oldrel-macos-x86_64