CRAN Package Check Results for Package spatstat.local

Last updated on 2024-07-21 18:54:24 CEST.

Flavor Version Tinstall Tcheck Ttotal Status Flags
r-devel-linux-x86_64-debian-clang 5.0-1 11.83 180.75 192.58 NOTE
r-devel-linux-x86_64-debian-gcc 5.1-0 11.26 129.51 140.77 NOTE
r-devel-linux-x86_64-fedora-clang 5.1-0 241.38 NOTE
r-devel-linux-x86_64-fedora-gcc 5.1-0 232.01 NOTE
r-devel-windows-x86_64 5.1-0 16.00 149.00 165.00 NOTE
r-patched-linux-x86_64 5.0-1 10.40 163.00 173.40 NOTE
r-release-linux-x86_64 5.0-1 9.70 172.25 181.95 NOTE
r-release-macos-arm64 5.1-0 65.00 NOTE
r-release-macos-x86_64 5.1-0 173.00 NOTE
r-release-windows-x86_64 5.0-1 13.00 159.00 172.00 NOTE
r-oldrel-macos-arm64 5.1-0 70.00 NOTE
r-oldrel-macos-x86_64 5.1-0 147.00 NOTE
r-oldrel-windows-x86_64 5.0-1 17.00 180.00 197.00 NOTE

Check Details

Version: 5.0-1
Check: package dependencies
Result: NOTE Depends: includes the non-default packages: 'spatstat.data', 'spatstat.sparse', 'spatstat.geom', 'spatstat.random', 'spatstat.explore', 'spatstat.model', 'spatstat' Adding so many packages to the search path is excessive and importing selectively is preferable. Flavors: r-devel-linux-x86_64-debian-clang, r-patched-linux-x86_64, r-release-linux-x86_64, r-release-windows-x86_64, r-oldrel-windows-x86_64

Version: 5.0-1
Check: R code for possible problems
Result: NOTE homteststat: no visible global function definition for ‘integral’ Undefined global functions or variables: integral Flavors: r-devel-linux-x86_64-debian-clang, r-patched-linux-x86_64, r-release-windows-x86_64

Version: 5.1-0
Check: package dependencies
Result: NOTE Depends: includes the non-default packages: 'spatstat.data', 'spatstat.univar', 'spatstat.sparse', 'spatstat.geom', 'spatstat.random', 'spatstat.explore', 'spatstat.model', 'spatstat' Adding so many packages to the search path is excessive and importing selectively is preferable. Flavors: r-devel-linux-x86_64-debian-gcc, r-devel-linux-x86_64-fedora-clang, r-devel-linux-x86_64-fedora-gcc, r-devel-windows-x86_64, r-release-macos-arm64, r-release-macos-x86_64, r-oldrel-macos-arm64, r-oldrel-macos-x86_64