CRAN Package Check Results for Package spatialwarnings

Last updated on 2024-07-17 18:53:36 CEST.

Flavor Version Tinstall Tcheck Ttotal Status Flags
r-devel-linux-x86_64-debian-clang 3.0.3 152.92 236.77 389.69 NOTE
r-devel-linux-x86_64-debian-gcc 3.0.3 100.09 183.54 283.63 NOTE
r-devel-linux-x86_64-fedora-clang 3.0.3 551.36 NOTE
r-devel-linux-x86_64-fedora-gcc 3.0.3 542.11 NOTE
r-devel-windows-x86_64 3.0.3 121.00 262.00 383.00 NOTE
r-patched-linux-x86_64 3.0.3 118.34 248.42 366.76 NOTE
r-release-linux-x86_64 3.0.3 124.11 242.58 366.69 NOTE
r-release-macos-arm64 3.0.3 136.00 NOTE
r-release-macos-x86_64 3.0.3 194.00 NOTE
r-release-windows-x86_64 3.0.3 122.00 280.00 402.00 NOTE
r-oldrel-macos-arm64 3.0.3 154.00 OK
r-oldrel-macos-x86_64 3.0.3 253.00 OK
r-oldrel-windows-x86_64 3.0.3 149.00 307.00 456.00 OK

Check Details

Version: 3.0.3
Check: Rd files
Result: NOTE checkRd: (-1) pl_fit.Rd:75: Lost braces in \itemize; meant \describe ? checkRd: (-1) pl_fit.Rd:76-77: Lost braces in \itemize; meant \describe ? checkRd: (-1) pl_fit.Rd:78-79: Lost braces in \itemize; meant \describe ? checkRd: (-1) pl_fit.Rd:28: Lost braces in \itemize; \value handles \item{}{} directly checkRd: (-1) pl_fit.Rd:29-30: Lost braces in \itemize; \value handles \item{}{} directly checkRd: (-1) pl_fit.Rd:31: Lost braces in \itemize; \value handles \item{}{} directly checkRd: (-1) pl_fit.Rd:32: Lost braces in \itemize; \value handles \item{}{} directly checkRd: (-1) pl_fit.Rd:33: Lost braces in \itemize; \value handles \item{}{} directly checkRd: (-1) pl_fit.Rd:39: Lost braces in \itemize; \value handles \item{}{} directly checkRd: (-1) pl_fit.Rd:40-41: Lost braces in \itemize; \value handles \item{}{} directly checkRd: (-1) pl_fit.Rd:42: Lost braces in \itemize; \value handles \item{}{} directly checkRd: (-1) pl_fit.Rd:43: Lost braces in \itemize; \value handles \item{}{} directly checkRd: (-1) simple_sews.Rd:40-42: Lost braces in \itemize; meant \describe ? checkRd: (-1) simple_sews.Rd:43: Lost braces in \itemize; meant \describe ? checkRd: (-1) simple_sews.Rd:44-46: Lost braces in \itemize; meant \describe ? checkRd: (-1) simple_sews.Rd:47-48: Lost braces in \itemize; meant \describe ? checkRd: (-1) simple_sews.Rd:49-50: Lost braces in \itemize; meant \describe ? checkRd: (-1) simple_sews.Rd:57-59: Lost braces in \itemize; meant \describe ? checkRd: (-1) simple_sews.Rd:60: Lost braces in \itemize; meant \describe ? checkRd: (-1) simple_sews.Rd:61: Lost braces in \itemize; meant \describe ? checkRd: (-1) simple_sews.Rd:62-64: Lost braces in \itemize; meant \describe ? checkRd: (-1) simple_sews.Rd:65-67: Lost braces in \itemize; meant \describe ? checkRd: (-1) simple_sews.Rd:68-69: Lost braces in \itemize; meant \describe ? checkRd: (-1) simple_sews.Rd:70-71: Lost braces in \itemize; meant \describe ? checkRd: (-1) simple_sews.Rd:72-73: Lost braces in \itemize; meant \describe ? checkRd: (-1) simple_sews.Rd:74: Lost braces in \itemize; meant \describe ? checkRd: (-1) simple_sews.Rd:75-76: Lost braces in \itemize; meant \describe ? checkRd: (-1) simple_sews.Rd:77-79: Lost braces in \itemize; meant \describe ? Flavors: r-devel-linux-x86_64-debian-clang, r-devel-linux-x86_64-debian-gcc, r-devel-linux-x86_64-fedora-clang, r-devel-linux-x86_64-fedora-gcc, r-devel-windows-x86_64, r-patched-linux-x86_64, r-release-linux-x86_64, r-release-macos-arm64, r-release-macos-x86_64, r-release-windows-x86_64

Version: 3.0.3
Check: Rd cross-references
Result: NOTE Found the following Rd file(s) with Rd \link{} targets missing package anchors: display_matrix.Rd: scale_fill_brewer indictest.Rd: mgcv Please provide package anchors for all Rd \link{} targets not in the package itself and the base packages. Flavor: r-devel-windows-x86_64