CRAN Package Check Results for Package spatialising

Last updated on 2024-06-12 17:57:34 CEST.

Flavor Version Tinstall Tcheck Ttotal Status Flags
r-devel-linux-x86_64-debian-clang 0.6.0 21.62 389.00 410.62 OK
r-devel-linux-x86_64-debian-gcc 0.6.0 13.43 240.84 254.27 ERROR
r-devel-linux-x86_64-fedora-clang 0.6.0 484.00 OK
r-devel-linux-x86_64-fedora-gcc 0.6.0 506.44 OK
r-devel-windows-x86_64 0.6.0 18.00 381.00 399.00 OK
r-patched-linux-x86_64 0.6.0 17.76 391.79 409.55 OK
r-release-linux-x86_64 0.6.0 19.71 385.07 404.78 OK
r-release-macos-arm64 0.6.0 138.00 OK
r-release-macos-x86_64 0.6.0 251.00 OK
r-release-windows-x86_64 0.6.0 18.00 375.00 393.00 OK
r-oldrel-macos-arm64 0.6.0 142.00 OK
r-oldrel-macos-x86_64 0.6.0 407.00 OK
r-oldrel-windows-x86_64 0.6.0 22.00 443.00 465.00 OK

Check Details

Version: 0.6.0
Check: package dependencies
Result: NOTE Package suggested but not available for checking: ‘testthat’ Flavor: r-devel-linux-x86_64-debian-gcc

Version: 0.6.0
Check: tests
Result: ERROR Running ‘testthat.R’ [0s/1s] Running the tests in ‘tests/testthat.R’ failed. Complete output: > library(testthat) Error in library(testthat) : there is no package called 'testthat' Execution halted Flavor: r-devel-linux-x86_64-debian-gcc