CRAN Package Check Results for Package sparseHessianFD

Last updated on 2024-07-14 06:54:36 CEST.

Flavor Version Tinstall Tcheck Ttotal Status Flags
r-devel-linux-x86_64-debian-clang 0.3.3.7 42.99 97.89 140.88 NOTE
r-devel-linux-x86_64-debian-gcc 0.3.3.7 29.05 74.06 103.11 NOTE
r-devel-linux-x86_64-fedora-clang 0.3.3.7 189.97 NOTE
r-devel-linux-x86_64-fedora-gcc 0.3.3.7 203.63 NOTE
r-devel-windows-x86_64 0.3.3.7 35.00 133.00 168.00 NOTE
r-patched-linux-x86_64 0.3.3.7 33.94 94.77 128.71 NOTE
r-release-linux-x86_64 0.3.3.7 33.86 91.10 124.96 NOTE
r-release-macos-arm64 0.3.3.7 57.00 NOTE
r-release-macos-x86_64 0.3.3.7 87.00 NOTE
r-release-windows-x86_64 0.3.3.7 34.00 133.00 167.00 NOTE
r-oldrel-macos-arm64 0.3.3.7 66.00 NOTE
r-oldrel-macos-x86_64 0.3.3.7 97.00 NOTE
r-oldrel-windows-x86_64 0.3.3.7 42.00 156.00 198.00 NOTE

Check Details

Version: 0.3.3.7
Check: C++ specification
Result: NOTE Specified C++11: please drop specification unless essential Flavors: r-devel-linux-x86_64-debian-clang, r-devel-linux-x86_64-debian-gcc, r-devel-linux-x86_64-fedora-clang, r-devel-linux-x86_64-fedora-gcc, r-devel-windows-x86_64, r-patched-linux-x86_64, r-release-linux-x86_64, r-release-macos-arm64, r-release-macos-x86_64, r-release-windows-x86_64, r-oldrel-macos-arm64, r-oldrel-macos-x86_64, r-oldrel-windows-x86_64

Version: 0.3.3.7
Check: Rd files
Result: NOTE checkRd: (-1) Coord.to.Pointers.Rd:54: Lost braces; missing escapes or markup? 54 | \item{triangle=TRUE}{Input \code{rows} and {cols} represent lower | ^ checkRd: (-1) Coord.to.Pointers.Rd:59: Lost braces; missing escapes or markup? 59 | \item{triangle=FALSE}{Input \code{rows} and {cols} represent a full | ^ Flavors: r-devel-linux-x86_64-debian-clang, r-devel-linux-x86_64-debian-gcc, r-devel-linux-x86_64-fedora-clang, r-devel-linux-x86_64-fedora-gcc, r-devel-windows-x86_64, r-patched-linux-x86_64, r-release-linux-x86_64, r-release-macos-arm64, r-release-macos-x86_64, r-release-windows-x86_64