CRAN Package Check Results for Package sparcl

Last updated on 2024-07-13 06:49:52 CEST.

Flavor Version Tinstall Tcheck Ttotal Status Flags
r-devel-linux-x86_64-debian-clang 1.0.4 3.18 35.61 38.79 OK
r-devel-linux-x86_64-debian-gcc 1.0.4 2.81 26.63 29.44 OK
r-devel-linux-x86_64-fedora-clang 1.0.4 50.45 NOTE
r-devel-linux-x86_64-fedora-gcc 1.0.4 49.26 NOTE
r-devel-windows-x86_64 1.0.4 6.00 47.00 53.00 OK
r-patched-linux-x86_64 1.0.4 3.79 34.06 37.85 OK
r-release-linux-x86_64 1.0.4 3.09 32.86 35.95 OK
r-release-macos-arm64 1.0.4 20.00 OK
r-release-macos-x86_64 1.0.4 34.00 OK
r-release-windows-x86_64 1.0.4 5.00 45.00 50.00 OK
r-oldrel-macos-arm64 1.0.4 19.00 OK
r-oldrel-macos-x86_64 1.0.4 28.00 OK
r-oldrel-windows-x86_64 1.0.4 6.00 48.00 54.00 OK

Check Details

Version: 1.0.4
Check: compiled code
Result: NOTE File ‘sparcl/libs/sparcl.so’: Found no calls to: ‘R_registerRoutines’, ‘R_useDynamicSymbols’ It is good practice to register native routines and to disable symbol search. See ‘Writing portable packages’ in the ‘Writing R Extensions’ manual. Flavors: r-devel-linux-x86_64-fedora-clang, r-devel-linux-x86_64-fedora-gcc