CRAN Package Check Results for Package spacesXYZ

Last updated on 2024-06-22 17:57:43 CEST.

Flavor Version Tinstall Tcheck Ttotal Status Flags
r-devel-linux-x86_64-debian-clang 1.3-0 4.26 55.17 59.43 OK
r-devel-linux-x86_64-debian-gcc 1.3-0 2.99 40.46 43.45 OK
r-devel-linux-x86_64-fedora-clang 1.3-0 78.85 OK
r-devel-linux-x86_64-fedora-gcc 1.3-0 83.73 OK
r-devel-windows-x86_64 1.3-0 5.00 80.00 85.00 OK
r-patched-linux-x86_64 1.3-0 3.71 52.29 56.00 OK
r-release-linux-x86_64 1.3-0 4.42 51.09 55.51 OK
r-release-macos-arm64 1.3-0 32.00 OK
r-release-macos-x86_64 1.3-0 46.00 WARN
r-release-windows-x86_64 1.3-0 4.00 78.00 82.00 OK
r-oldrel-macos-arm64 1.3-0 38.00 OK
r-oldrel-macos-x86_64 1.3-0 113.00 OK
r-oldrel-windows-x86_64 1.3-0 4.00 78.00 82.00 OK

Check Details

Version: 1.3-0
Check: re-building of vignette outputs
Result: WARN Error(s) in re-building vignettes: --- re-building ‘adaptation.Rmd’ using rmarkdown --- finished re-building ‘adaptation.Rmd’ --- re-building ‘isotherms.rnw’ using knitr Error: processing vignette 'isotherms.rnw' failed with diagnostics: Running 'texi2dvi' on 'isotherms.tex' failed. LaTeX errors: ! Undefined control sequence. l.182 \hlkwd{library}\hldef {( spacesXYZ )} ? ! Emergency stop. ! Emergency stop. l.182 End of file on the terminal! ! ==> Fatal error occurred, no output PDF file produced! --- failed re-building ‘isotherms.rnw’ SUMMARY: processing the following file failed: ‘isotherms.rnw’ Error: Vignette re-building failed. Execution halted Flavor: r-release-macos-x86_64