Last updated on 2025-01-21 07:49:25 CET.
Flavor | Version | Tinstall | Tcheck | Ttotal | Status | Flags |
---|---|---|---|---|---|---|
r-devel-linux-x86_64-debian-clang | 1.3-0 | 3.37 | 41.77 | 45.14 | OK | |
r-devel-linux-x86_64-debian-gcc | 1.4-0 | 2.31 | 36.12 | 38.43 | OK | |
r-devel-linux-x86_64-fedora-clang | 1.4-0 | 78.88 | OK | |||
r-devel-linux-x86_64-fedora-gcc | 1.4-0 | 95.93 | OK | |||
r-devel-windows-x86_64 | 1.4-0 | 5.00 | 89.00 | 94.00 | OK | |
r-patched-linux-x86_64 | 1.4-0 | 3.68 | 44.01 | 47.69 | OK | |
r-release-linux-x86_64 | 1.4-0 | 3.24 | 44.14 | 47.38 | OK | |
r-release-macos-arm64 | 1.3-0 | 32.00 | OK | |||
r-release-macos-x86_64 | 1.3-0 | 46.00 | WARN | |||
r-release-windows-x86_64 | 1.4-0 | 6.00 | 87.00 | 93.00 | OK | |
r-oldrel-macos-arm64 | 1.3-0 | 38.00 | OK | |||
r-oldrel-macos-x86_64 | 1.3-0 | 113.00 | OK | |||
r-oldrel-windows-x86_64 | 1.4-0 | 6.00 | 94.00 | 100.00 | OK |
Version: 1.3-0
Check: re-building of vignette outputs
Result: WARN
Error(s) in re-building vignettes:
--- re-building ‘adaptation.Rmd’ using rmarkdown
--- finished re-building ‘adaptation.Rmd’
--- re-building ‘isotherms.rnw’ using knitr
Error: processing vignette 'isotherms.rnw' failed with diagnostics:
Running 'texi2dvi' on 'isotherms.tex' failed.
LaTeX errors:
! Undefined control sequence.
l.182 \hlkwd{library}\hldef
{( spacesXYZ )}
?
! Emergency stop.
! Emergency stop.
l.182
End of file on the terminal!
! ==> Fatal error occurred, no output PDF file produced!
--- failed re-building ‘isotherms.rnw’
SUMMARY: processing the following file failed:
‘isotherms.rnw’
Error: Vignette re-building failed.
Execution halted
Flavor: r-release-macos-x86_64