CRAN Package Check Results for Package spFW

Last updated on 2024-07-23 07:07:29 CEST.

Flavor Version Tinstall Tcheck Ttotal Status Flags
r-devel-linux-x86_64-debian-clang 0.1.0 60.99 63.27 124.26 NOTE
r-devel-linux-x86_64-debian-gcc 0.1.0 37.74 45.84 83.58 NOTE
r-devel-linux-x86_64-fedora-clang 0.1.0 206.48 NOTE
r-devel-linux-x86_64-fedora-gcc 0.1.0 160.75 NOTE
r-devel-windows-x86_64 0.1.0 50.00 84.00 134.00 NOTE
r-patched-linux-x86_64 0.1.0 67.38 60.00 127.38 NOTE
r-release-linux-x86_64 0.1.0 51.13 58.31 109.44 NOTE
r-release-macos-arm64 0.1.0 40.00 NOTE
r-release-macos-x86_64 0.1.0 55.00 NOTE
r-release-windows-x86_64 0.1.0 63.00 83.00 146.00 NOTE
r-oldrel-macos-arm64 0.1.0 44.00 NOTE
r-oldrel-macos-x86_64 0.1.0 82.00 NOTE
r-oldrel-windows-x86_64 0.1.0 58.00 101.00 159.00 NOTE

Check Details

Version: 0.1.0
Check: C++ specification
Result: NOTE Specified C++11: please drop specification unless essential Flavors: r-devel-linux-x86_64-debian-clang, r-devel-linux-x86_64-debian-gcc, r-devel-linux-x86_64-fedora-clang, r-devel-linux-x86_64-fedora-gcc, r-devel-windows-x86_64, r-patched-linux-x86_64, r-release-linux-x86_64, r-release-macos-arm64, r-release-macos-x86_64, r-release-windows-x86_64, r-oldrel-macos-arm64, r-oldrel-macos-x86_64, r-oldrel-windows-x86_64