CRAN Package Check Results for Package snplist

Last updated on 2024-07-25 06:52:29 CEST.

Flavor Version Tinstall Tcheck Ttotal Status Flags
r-devel-linux-x86_64-debian-clang 0.18.2 31.74 221.53 253.27 OK
r-devel-linux-x86_64-debian-gcc 0.18.2 23.30 167.53 190.83 NOTE
r-devel-linux-x86_64-fedora-clang 0.18.2 340.77 OK
r-devel-linux-x86_64-fedora-gcc 0.18.2 308.28 OK
r-devel-windows-x86_64 0.18.2 31.00 184.00 215.00 NOTE
r-patched-linux-x86_64 0.18.2 27.00 212.73 239.73 OK
r-release-linux-x86_64 0.18.2 18.34 209.17 227.51 OK
r-release-macos-arm64 0.18.2 89.00 OK
r-release-macos-x86_64 0.18.2 142.00 WARN
r-release-windows-x86_64 0.18.2 30.00 184.00 214.00 OK
r-oldrel-macos-arm64 0.18.2 100.00 OK
r-oldrel-macos-x86_64 0.18.2 128.00 OK
r-oldrel-windows-x86_64 0.18.2 38.00 237.00 275.00 OK

Check Details

Version: 0.18.2
Check: Rd cross-references
Result: NOTE Found the following Rd file(s) with Rd \link{} targets missing package anchors: snplist-package.Rd: Rcpp Please provide package anchors for all Rd \link{} targets not in the package itself and the base packages. Flavors: r-devel-linux-x86_64-debian-gcc, r-devel-windows-x86_64

Version: 0.18.2
Check: re-building of vignette outputs
Result: WARN Error(s) in re-building vignettes: ... --- re-building ‘snplist.Rnw’ using knitr Error: processing vignette 'snplist.Rnw' failed with diagnostics: Running 'texi2dvi' on 'snplist.tex' failed. LaTeX errors: ! Undefined control sequence. l.8 \hldef {genes} \hlkwb{<-} \hlkwd{c}\hldef{(}\hlsng{"BRCA1"}\hldef{,}\hlsn... ? ! Emergency stop. l.8 End of file on the terminal! ! ==> Fatal error occurred, no output PDF file produced! --- failed re-building ‘snplist.Rnw’ SUMMARY: processing the following file failed: ‘snplist.Rnw’ Error: Vignette re-building failed. Execution halted Flavor: r-release-macos-x86_64