CRAN Package Check Results for Package smoother

Last updated on 2024-07-19 06:50:27 CEST.

Flavor Version Tinstall Tcheck Ttotal Status Flags
r-devel-linux-x86_64-debian-clang 1.3 2.75 28.59 31.34 OK
r-devel-linux-x86_64-debian-gcc 1.3 2.01 21.41 23.42 OK
r-devel-linux-x86_64-fedora-clang 1.3 37.93 OK
r-devel-linux-x86_64-fedora-gcc 1.3 37.98 OK
r-devel-windows-x86_64 1.3 3.00 44.00 47.00 NOTE
r-patched-linux-x86_64 1.3 4.80 26.56 31.36 OK
r-release-linux-x86_64 1.3 2.69 27.35 30.04 OK
r-release-macos-arm64 1.3 20.00 OK
r-release-macos-x86_64 1.3 29.00 OK
r-release-windows-x86_64 1.3 3.00 42.00 45.00 OK
r-oldrel-macos-arm64 1.3 23.00 OK
r-oldrel-macos-x86_64 1.3 35.00 OK
r-oldrel-windows-x86_64 1.3 4.00 45.00 49.00 OK

Check Details

Version: 1.3
Check: Rd cross-references
Result: NOTE Found the following Rd file(s) with Rd \link{} targets missing package anchors: smoother.Rd: TTR Please provide package anchors for all Rd \link{} targets not in the package itself and the base packages. Flavor: r-devel-windows-x86_64