CRAN Package Check Results for Package smoof

Last updated on 2024-07-21 18:54:23 CEST.

Flavor Version Tinstall Tcheck Ttotal Status Flags
r-devel-linux-x86_64-debian-clang 1.6.0.3 89.30 115.72 205.02 NOTE
r-devel-linux-x86_64-debian-gcc 1.6.0.3 59.69 85.33 145.02 NOTE
r-devel-linux-x86_64-fedora-clang 1.6.0.3 316.19 NOTE
r-devel-linux-x86_64-fedora-gcc 1.6.0.3 309.56 NOTE
r-devel-windows-x86_64 1.6.0.3 82.00 136.00 218.00 NOTE
r-patched-linux-x86_64 1.6.0.3 92.80 111.66 204.46 NOTE
r-release-linux-x86_64 1.6.0.3 94.70 108.71 203.41 NOTE
r-release-macos-arm64 1.6.0.3 66.00 NOTE
r-release-macos-x86_64 1.6.0.3 94.00 NOTE
r-release-windows-x86_64 1.6.0.3 92.00 132.00 224.00 NOTE
r-oldrel-macos-arm64 1.6.0.3 74.00 OK
r-oldrel-macos-x86_64 1.6.0.3 126.00 OK
r-oldrel-windows-x86_64 1.6.0.3 112.00 158.00 270.00 OK

Check Details

Version: 1.6.0.3
Check: Rd files
Result: NOTE checkRd: (-1) getGlobalOptimum.Rd:16: Lost braces in \itemize; \value handles \item{}{} directly checkRd: (-1) getGlobalOptimum.Rd:17: Lost braces in \itemize; \value handles \item{}{} directly checkRd: (-1) getGlobalOptimum.Rd:18: Lost braces in \itemize; \value handles \item{}{} directly checkRd: (-1) getLocalOptimum.Rd:16: Lost braces in \itemize; \value handles \item{}{} directly checkRd: (-1) getLocalOptimum.Rd:17: Lost braces in \itemize; \value handles \item{}{} directly checkRd: (-1) getLocalOptimum.Rd:18: Lost braces in \itemize; \value handles \item{}{} directly checkRd: (-1) smoof_function.Rd:10: Lost braces 10 | or code{smoof_multi_objective_function}. Both single- and multi-objective functions share the following attributes. | ^ Flavors: r-devel-linux-x86_64-debian-clang, r-devel-linux-x86_64-debian-gcc, r-devel-linux-x86_64-fedora-clang, r-devel-linux-x86_64-fedora-gcc, r-devel-windows-x86_64, r-patched-linux-x86_64, r-release-linux-x86_64, r-release-macos-arm64, r-release-macos-x86_64, r-release-windows-x86_64