CRAN Package Check Results for Package skm

Last updated on 2024-07-21 18:54:23 CEST.

Flavor Version Tinstall Tcheck Ttotal Status Flags
r-devel-linux-x86_64-debian-clang 0.1.5.4 80.17 435.99 516.16 NOTE
r-devel-linux-x86_64-debian-gcc 0.1.5.4 50.20 348.14 398.34 NOTE
r-devel-linux-x86_64-fedora-clang 0.1.5.4 680.74 NOTE
r-devel-linux-x86_64-fedora-gcc 0.1.5.4 700.48 NOTE
r-devel-windows-x86_64 0.1.5.4 66.00 120.00 186.00 NOTE --no-vignettes
r-patched-linux-x86_64 0.1.5.4 78.09 430.56 508.65 NOTE
r-release-linux-x86_64 0.1.5.4 76.17 446.88 523.05 NOTE
r-release-macos-arm64 0.1.5.4 337.00 NOTE
r-release-macos-x86_64 0.1.5.4 538.00 NOTE
r-release-windows-x86_64 0.1.5.4 76.00 94.00 170.00 NOTE --no-vignettes
r-oldrel-macos-arm64 0.1.5.4 369.00 NOTE
r-oldrel-macos-x86_64 0.1.5.4 712.00 NOTE
r-oldrel-windows-x86_64 0.1.5.4 94.00 85.00 179.00 NOTE --no-vignettes

Check Details

Version: 0.1.5.4
Check: for GNU extensions in Makefiles
Result: NOTE GNU make is a SystemRequirements. Flavors: r-devel-linux-x86_64-debian-clang, r-devel-linux-x86_64-debian-gcc, r-devel-linux-x86_64-fedora-clang, r-devel-linux-x86_64-fedora-gcc, r-patched-linux-x86_64, r-release-linux-x86_64, r-release-macos-arm64, r-release-macos-x86_64, r-oldrel-macos-arm64, r-oldrel-macos-x86_64

Version: 0.1.5.4
Check: compiled code
Result: NOTE File ‘skm/libs/skm.so’: Found no calls to: ‘R_registerRoutines’, ‘R_useDynamicSymbols’ It is good practice to register native routines and to disable symbol search. See ‘Writing portable packages’ in the ‘Writing R Extensions’ manual. Flavors: r-devel-linux-x86_64-fedora-clang, r-devel-linux-x86_64-fedora-gcc

Version: 0.1.5.4
Flags: --no-vignettes
Check: for GNU extensions in Makefiles
Result: NOTE GNU make is a SystemRequirements. Flavors: r-devel-windows-x86_64, r-release-windows-x86_64, r-oldrel-windows-x86_64

Version: 0.1.5.4
Check: installed package size
Result: NOTE installed size is 7.0Mb sub-directories of 1Mb or more: doc 1.1Mb libs 4.9Mb Flavors: r-release-macos-arm64, r-release-macos-x86_64, r-oldrel-macos-arm64, r-oldrel-macos-x86_64