CRAN Package Check Results for Package singR

Last updated on 2024-06-13 05:59:21 CEST.

Flavor Version Tinstall Tcheck Ttotal Status Flags
r-devel-linux-x86_64-debian-clang 0.1.2 59.37 141.73 201.10 OK
r-devel-linux-x86_64-debian-gcc 0.1.2 0.58 1.86 2.44 ERROR
r-devel-linux-x86_64-fedora-clang 0.1.2 274.71 OK
r-devel-linux-x86_64-fedora-gcc 0.1.2 272.82 OK
r-devel-windows-x86_64 0.1.2 45.00 152.00 197.00 OK
r-patched-linux-x86_64 0.1.2 49.89 139.85 189.74 OK
r-release-linux-x86_64 0.1.2 50.86 137.84 188.70 OK
r-release-macos-arm64 0.1.2 72.00 NOTE
r-release-macos-x86_64 0.1.2 117.00 NOTE
r-release-windows-x86_64 0.1.2 46.00 156.00 202.00 OK
r-oldrel-macos-arm64 0.1.2 66.00 NOTE
r-oldrel-macos-x86_64 0.1.2 117.00 NOTE
r-oldrel-windows-x86_64 0.1.2 59.00 174.00 233.00 OK

Check Details

Version: 0.1.2
Check: package dependencies
Result: ERROR Package required but not available: ‘ICtest’ Package suggested but not available for checking: ‘testthat’ See section ‘The DESCRIPTION file’ in the ‘Writing R Extensions’ manual. Flavor: r-devel-linux-x86_64-debian-gcc

Version: 0.1.2
Check: installed package size
Result: NOTE installed size is 5.4Mb sub-directories of 1Mb or more: data 2.3Mb libs 2.7Mb Flavors: r-release-macos-arm64, r-release-macos-x86_64, r-oldrel-macos-arm64, r-oldrel-macos-x86_64