CRAN Package Check Results for Package simmer.plot

Last updated on 2024-07-14 06:54:35 CEST.

Flavor Version Tinstall Tcheck Ttotal Status Flags
r-devel-linux-x86_64-debian-clang 0.1.18 7.63 90.51 98.14 OK
r-devel-linux-x86_64-debian-gcc 0.1.18 5.87 65.71 71.58 OK
r-devel-linux-x86_64-fedora-clang 0.1.18 123.19 OK
r-devel-linux-x86_64-fedora-gcc 0.1.18 126.82 OK
r-devel-windows-x86_64 0.1.18 7.00 83.00 90.00 NOTE
r-patched-linux-x86_64 0.1.18 12.12 85.53 97.65 OK
r-release-linux-x86_64 0.1.18 4.12 85.82 89.94 OK
r-release-macos-arm64 0.1.18 43.00 OK
r-release-macos-x86_64 0.1.18 63.00 OK
r-release-windows-x86_64 0.1.18 8.00 83.00 91.00 OK
r-oldrel-macos-arm64 0.1.18 41.00 OK
r-oldrel-macos-x86_64 0.1.18 87.00 OK
r-oldrel-windows-x86_64 0.1.18 8.00 96.00 104.00 OK

Check Details

Version: 0.1.18
Check: Rd cross-references
Result: NOTE Found the following Rd file(s) with Rd \link{} targets missing package anchors: plot.trajectory.Rd: grViz, render_graph Please provide package anchors for all Rd \link{} targets not in the package itself and the base packages. Flavor: r-devel-windows-x86_64