CRAN Package Check Results for Package simDNAmixtures

Last updated on 2024-07-21 18:54:23 CEST.

Flavor Version Tinstall Tcheck Ttotal Status Flags
r-devel-linux-x86_64-debian-clang 1.0.1 5.40 51.74 57.14 OK
r-devel-linux-x86_64-debian-gcc 1.0.1 3.70 39.27 42.97 OK
r-devel-linux-x86_64-fedora-clang 1.0.1 74.35 NOTE
r-devel-linux-x86_64-fedora-gcc 1.0.1 79.42 NOTE
r-devel-windows-x86_64 1.0.1 7.00 66.00 73.00 OK
r-patched-linux-x86_64 1.0.1 4.04 50.05 54.09 OK
r-release-linux-x86_64 1.0.1 2.73 50.77 53.50 OK
r-release-macos-arm64 1.0.1 31.00 OK
r-release-macos-x86_64 1.0.1 46.00 OK
r-release-windows-x86_64 1.0.1 5.00 64.00 69.00 OK
r-oldrel-macos-arm64 1.0.1 33.00 OK
r-oldrel-macos-x86_64 1.0.1 43.00 OK
r-oldrel-windows-x86_64 1.0.1 6.00 70.00 76.00 OK

Check Details

Version: 1.0.1
Check: dependencies in R code
Result: NOTE Namespaces in Imports field not imported from: ‘pedtools’ ‘readr’ All declared Imports should be used. Flavors: r-devel-linux-x86_64-fedora-clang, r-devel-linux-x86_64-fedora-gcc