CRAN Package Check Results for Package shinyreforms

Last updated on 2024-07-25 06:52:28 CEST.

Flavor Version Tinstall Tcheck Ttotal Status Flags
r-devel-linux-x86_64-debian-clang 0.0.1 5.57 46.14 51.71 NOTE
r-devel-linux-x86_64-debian-gcc 0.0.1 4.71 35.02 39.73 NOTE
r-devel-linux-x86_64-fedora-clang 0.0.1 66.56 NOTE
r-devel-linux-x86_64-fedora-gcc 0.0.1 73.92 NOTE
r-devel-windows-x86_64 0.0.1 7.00 59.00 66.00 NOTE
r-patched-linux-x86_64 0.0.1 5.33 43.33 48.66 NOTE
r-release-linux-x86_64 0.0.1 5.06 44.85 49.91 NOTE
r-release-macos-arm64 0.0.1 28.00 NOTE
r-release-macos-x86_64 0.0.1 43.00 NOTE
r-release-windows-x86_64 0.0.1 6.00 58.00 64.00 NOTE
r-oldrel-macos-arm64 0.0.1 28.00 NOTE
r-oldrel-macos-x86_64 0.0.1 44.00 NOTE
r-oldrel-windows-x86_64 0.0.1 8.00 60.00 68.00 NOTE

Check Details

Version: 0.0.1
Check: Rd files
Result: NOTE checkRd: (-1) addValidationSuffix.Rd:13: Lost braces; missing escapes or markup? 13 | A string `"{tagId}-shinyreforms-validation"`. | ^ Flavors: r-devel-linux-x86_64-debian-clang, r-devel-linux-x86_64-debian-gcc, r-devel-linux-x86_64-fedora-clang, r-devel-linux-x86_64-fedora-gcc, r-devel-windows-x86_64, r-patched-linux-x86_64, r-release-linux-x86_64, r-release-macos-arm64, r-release-macos-x86_64, r-release-windows-x86_64

Version: 0.0.1
Check: LazyData
Result: NOTE 'LazyData' is specified without a 'data' directory Flavors: r-devel-linux-x86_64-debian-clang, r-devel-linux-x86_64-debian-gcc, r-devel-linux-x86_64-fedora-clang, r-devel-linux-x86_64-fedora-gcc, r-devel-windows-x86_64, r-patched-linux-x86_64, r-release-linux-x86_64, r-release-macos-arm64, r-release-macos-x86_64, r-release-windows-x86_64, r-oldrel-macos-arm64, r-oldrel-macos-x86_64, r-oldrel-windows-x86_64