CRAN Package Check Results for Package shinydbauth

Last updated on 2024-06-12 17:57:33 CEST.

Flavor Version Tinstall Tcheck Ttotal Status Flags
r-devel-linux-x86_64-debian-clang 1.0.0.1 8.19 44.74 52.93 OK
r-devel-linux-x86_64-debian-gcc 1.0.0.1 0.34 1.75 2.09 ERROR
r-devel-linux-x86_64-fedora-clang 1.0.0.1 65.34 NOTE
r-devel-linux-x86_64-fedora-gcc 1.0.0.1 61.18 NOTE
r-devel-windows-x86_64 1.0.0.1 8.00 54.00 62.00 OK
r-patched-linux-x86_64 1.0.0.1 5.95 43.31 49.26 OK
r-release-linux-x86_64 1.0.0.1 6.45 42.67 49.12 OK
r-release-macos-arm64 1.0.0.1 21.00 OK
r-release-macos-x86_64 1.0.0.1 35.00 OK
r-release-windows-x86_64 1.0.0.1 9.00 54.00 63.00 OK
r-oldrel-macos-arm64 1.0.0.1 30.00 OK
r-oldrel-macos-x86_64 1.0.0.1 43.00 OK
r-oldrel-windows-x86_64 1.0.0.1 10.00 57.00 67.00 OK

Check Details

Version: 1.0.0.1
Check: package dependencies
Result: ERROR Package required but not available: ‘billboarder’ Package suggested but not available for checking: ‘testthat’ See section ‘The DESCRIPTION file’ in the ‘Writing R Extensions’ manual. Flavor: r-devel-linux-x86_64-debian-gcc

Version: 1.0.0.1
Check: dependencies in R code
Result: NOTE Namespaces in Imports field not imported from: ‘DT’ ‘billboarder’ ‘glue’ ‘scrypt’ ‘yaml’ All declared Imports should be used. Flavors: r-devel-linux-x86_64-fedora-clang, r-devel-linux-x86_64-fedora-gcc