CRAN Package Check Results for Package shinyML

Last updated on 2024-07-17 18:53:35 CEST.

Flavor Version Tinstall Tcheck Ttotal Status Flags
r-devel-linux-x86_64-debian-clang 1.0.1 18.92 115.77 134.69 NOTE
r-devel-linux-x86_64-debian-gcc 1.0.1 13.62 85.20 98.82 NOTE
r-devel-linux-x86_64-fedora-clang 1.0.1 165.45 NOTE
r-devel-linux-x86_64-fedora-gcc 1.0.1 151.14 NOTE
r-devel-windows-x86_64 1.0.1 14.00 91.00 105.00 NOTE
r-patched-linux-x86_64 1.0.1 15.35 110.67 126.02 NOTE
r-release-linux-x86_64 1.0.1 10.61 106.94 117.55 NOTE
r-release-macos-arm64 1.0.1 43.00 NOTE
r-release-macos-x86_64 1.0.1 68.00 NOTE
r-release-windows-x86_64 1.0.1 14.00 93.00 107.00 NOTE
r-oldrel-macos-arm64 1.0.1 44.00 NOTE
r-oldrel-macos-x86_64 1.0.1 86.00 NOTE
r-oldrel-windows-x86_64 1.0.1 19.00 114.00 133.00 NOTE

Check Details

Version: 1.0.1
Check: LazyData
Result: NOTE 'LazyData' is specified without a 'data' directory Flavors: r-devel-linux-x86_64-debian-clang, r-devel-linux-x86_64-debian-gcc, r-devel-linux-x86_64-fedora-clang, r-devel-linux-x86_64-fedora-gcc, r-devel-windows-x86_64, r-patched-linux-x86_64, r-release-linux-x86_64, r-release-macos-arm64, r-release-macos-x86_64, r-release-windows-x86_64, r-oldrel-macos-arm64, r-oldrel-macos-x86_64, r-oldrel-windows-x86_64