CRAN Package Check Results for Package shinyAce

Last updated on 2024-07-23 18:59:12 CEST.

Flavor Version Tinstall Tcheck Ttotal Status Flags
r-devel-linux-x86_64-debian-clang 0.4.2 6.26 46.78 53.04 NOTE
r-devel-linux-x86_64-debian-gcc 0.4.2 4.87 35.28 40.15 NOTE
r-devel-linux-x86_64-fedora-clang 0.4.2 66.61 NOTE
r-devel-linux-x86_64-fedora-gcc 0.4.2 74.29 NOTE
r-devel-windows-x86_64 0.4.2 8.00 58.00 66.00 NOTE
r-patched-linux-x86_64 0.4.2 6.98 43.69 50.67 NOTE
r-release-linux-x86_64 0.4.2 5.22 42.88 48.10 NOTE
r-release-macos-arm64 0.4.2 36.00 NOTE
r-release-macos-x86_64 0.4.2 46.00 NOTE
r-release-windows-x86_64 0.4.2 8.00 58.00 66.00 NOTE
r-oldrel-macos-arm64 0.4.2 32.00 NOTE
r-oldrel-macos-x86_64 0.4.2 48.00 NOTE
r-oldrel-windows-x86_64 0.4.2 9.00 63.00 72.00 NOTE

Check Details

Version: 0.4.2
Check: HTML version of manual
Result: NOTE Found the following HTML validation problems: get_arg_help.html:43:1 (get_arg_help.Rd:13): Warning: trimming empty <dt> get_desc_help.html:43:1 (get_desc_help.Rd:13): Warning: trimming empty <dt> get_usage_help.html:43:1 (get_usage_help.Rd:13): Warning: trimming empty <dt> Flavors: r-devel-linux-x86_64-debian-clang, r-devel-linux-x86_64-debian-gcc, r-devel-linux-x86_64-fedora-clang, r-devel-linux-x86_64-fedora-gcc, r-devel-windows-x86_64, r-patched-linux-x86_64, r-release-linux-x86_64, r-release-windows-x86_64

Version: 0.4.2
Check: installed package size
Result: NOTE installed size is 8.1Mb sub-directories of 1Mb or more: www 7.7Mb Flavors: r-devel-linux-x86_64-fedora-clang, r-devel-windows-x86_64, r-release-macos-arm64, r-release-macos-x86_64, r-release-windows-x86_64, r-oldrel-macos-arm64, r-oldrel-macos-x86_64, r-oldrel-windows-x86_64