CRAN Package Check Results for Package sharpshootR

Last updated on 2024-07-18 18:48:22 CEST.

Flavor Version Tinstall Tcheck Ttotal Status Flags
r-devel-linux-x86_64-debian-clang 2.3.1 15.18 137.62 152.80 NOTE
r-devel-linux-x86_64-debian-gcc 2.3.1 10.58 100.36 110.94 NOTE
r-devel-linux-x86_64-fedora-clang 2.3.1 189.26 NOTE
r-devel-linux-x86_64-fedora-gcc 2.3.1 185.73 NOTE
r-devel-windows-x86_64 2.3.1 14.00 121.00 135.00 NOTE
r-patched-linux-x86_64 2.3.1 15.91 128.36 144.27 NOTE
r-release-linux-x86_64 2.3.1 12.42 125.74 138.16 NOTE
r-release-macos-arm64 2.3.1 50.00 NOTE
r-release-macos-x86_64 2.3.1 106.00 NOTE
r-release-windows-x86_64 2.3.1 12.00 122.00 134.00 NOTE
r-oldrel-macos-arm64 2.3.1 56.00 NOTE
r-oldrel-macos-x86_64 2.3.1 117.00 NOTE
r-oldrel-windows-x86_64 2.3.1 18.00 153.00 171.00 NOTE

Check Details

Version: 2.3.1
Check: package dependencies
Result: NOTE Package suggested but not available for checking: ‘hydromad’ Flavors: r-devel-linux-x86_64-debian-clang, r-devel-linux-x86_64-debian-gcc, r-devel-linux-x86_64-fedora-clang, r-devel-linux-x86_64-fedora-gcc, r-devel-windows-x86_64, r-patched-linux-x86_64, r-release-linux-x86_64, r-release-macos-arm64, r-release-macos-x86_64, r-release-windows-x86_64, r-oldrel-macos-arm64, r-oldrel-macos-x86_64, r-oldrel-windows-x86_64

Version: 2.3.1
Check: Rd cross-references
Result: NOTE Found the following Rd file(s) with Rd \link{} targets missing package anchors: PCP_plot.Rd: waterDayYear Please provide package anchors for all Rd \link{} targets not in the package itself and the base packages. Flavor: r-devel-windows-x86_64