CRAN Package Check Results for Package seqminer

Last updated on 2024-06-14 17:58:27 CEST.

Flavor Version Tinstall Tcheck Ttotal Status Flags
r-devel-linux-x86_64-debian-clang 9.4 124.38 40.60 164.98 NOTE
r-devel-linux-x86_64-debian-gcc 9.4 92.98 31.03 124.01 NOTE
r-devel-linux-x86_64-fedora-clang 9.4 251.57 NOTE
r-devel-linux-x86_64-fedora-gcc 9.4 259.55 NOTE
r-devel-windows-x86_64 9.4 237.00 104.00 341.00 NOTE
r-patched-linux-x86_64 9.4 119.83 39.51 159.34 NOTE
r-release-linux-x86_64 9.4 114.70 38.51 153.21 NOTE
r-release-macos-arm64 9.4 85.00 NOTE
r-release-macos-x86_64 9.4 92.00 WARN
r-release-windows-x86_64 9.4 235.00 105.00 340.00 NOTE
r-oldrel-macos-arm64 9.4 90.00 NOTE
r-oldrel-macos-x86_64 9.4 129.00 NOTE
r-oldrel-windows-x86_64 9.4 231.00 112.00 343.00 NOTE

Additional issues

noRemap rchk

Check Details

Version: 9.4
Check: for GNU extensions in Makefiles
Result: NOTE GNU make is a SystemRequirements. Flavors: r-devel-linux-x86_64-debian-clang, r-devel-linux-x86_64-debian-gcc, r-devel-linux-x86_64-fedora-clang, r-devel-linux-x86_64-fedora-gcc, r-devel-windows-x86_64, r-patched-linux-x86_64, r-release-linux-x86_64, r-release-macos-arm64, r-release-macos-x86_64, r-release-windows-x86_64, r-oldrel-macos-arm64, r-oldrel-macos-x86_64, r-oldrel-windows-x86_64

Version: 9.4
Check: installed package size
Result: NOTE installed size is 19.3Mb sub-directories of 1Mb or more: libs 17.8Mb Flavors: r-release-macos-arm64, r-release-macos-x86_64, r-oldrel-macos-arm64, r-oldrel-macos-x86_64

Version: 9.4
Check: whether package can be installed
Result: WARN Found the following significant warnings: SingleChromosomeVCFIndex.cpp:109:51: warning: format specifies type 'long' but the argument has type 'int64_t' (aka 'long long') [-Wformat] See ‘/Volumes/Builds/packages/big-sur-x86_64/results/4.4/seqminer.Rcheck/00install.out’ for details. * used C compiler: ‘Apple clang version 14.0.3 (clang-1403.0.22.14.1)’ * used C++ compiler: ‘Apple clang version 14.0.3 (clang-1403.0.22.14.1)’ * used SDK: ‘MacOSX11.3.sdk’ Flavor: r-release-macos-x86_64