CRAN Package Check Results for Package sendigR

Last updated on 2024-07-20 18:57:42 CEST.

Flavor Version Tinstall Tcheck Ttotal Status Flags
r-devel-linux-x86_64-debian-clang 1.0.0 13.73 60.48 74.21 OK
r-devel-linux-x86_64-debian-gcc 1.0.0 9.66 43.82 53.48 OK
r-devel-linux-x86_64-fedora-clang 1.0.0 94.67 NOTE
r-devel-linux-x86_64-fedora-gcc 1.0.0 101.32 NOTE
r-devel-windows-x86_64 1.0.0 10.00 64.00 74.00 OK
r-patched-linux-x86_64 1.0.0 8.03 55.91 63.94 OK
r-release-linux-x86_64 1.0.0 8.68 56.10 64.78 OK
r-release-macos-arm64 1.0.0 38.00 OK
r-release-macos-x86_64 1.0.0 53.00 OK
r-release-windows-x86_64 1.0.0 10.00 65.00 75.00 OK
r-oldrel-macos-arm64 1.0.0 38.00 OK
r-oldrel-macos-x86_64 1.0.0 53.00 OK
r-oldrel-windows-x86_64 1.0.0 14.00 74.00 88.00 OK

Check Details

Version: 1.0.0
Check: dependencies in R code
Result: NOTE Namespace in Imports field not imported from: ‘reticulate’ All declared Imports should be used. Flavors: r-devel-linux-x86_64-fedora-clang, r-devel-linux-x86_64-fedora-gcc