CRAN Package Check Results for Package sdmTMB

Last updated on 2024-06-12 17:57:33 CEST.

Flavor Version Tinstall Tcheck Ttotal Status Flags
r-devel-linux-x86_64-debian-clang 0.6.0 292.73 298.05 590.78 OK
r-devel-linux-x86_64-debian-gcc 0.6.0 0.47 1.89 2.36 ERROR
r-devel-linux-x86_64-fedora-clang 0.6.0 678.87 NOTE
r-devel-linux-x86_64-fedora-gcc 0.6.0 763.31 OK
r-devel-windows-x86_64 0.6.0 187.00 283.00 470.00 NOTE
r-patched-linux-x86_64 0.6.0 223.93 315.23 539.16 OK
r-release-linux-x86_64 0.6.0 248.79 307.20 555.99 OK
r-release-macos-arm64 0.6.0 201.00 NOTE
r-release-macos-x86_64 0.6.0 404.00 NOTE
r-release-windows-x86_64 0.6.0 195.00 306.00 501.00 NOTE
r-oldrel-macos-arm64 0.6.0 185.00 NOTE
r-oldrel-macos-x86_64 0.6.0 400.00 NOTE
r-oldrel-windows-x86_64 0.6.0 286.00 347.00 633.00 NOTE

Check Details

Version: 0.6.0
Check: package dependencies
Result: ERROR Packages required but not available: 'fmesher', 'lme4' Packages suggested but not available for checking: 'DHARMa', 'dplyr', 'effects', 'ggforce', 'glmmTMB', 'ggplot2', 'testthat', 'tibble' See section ‘The DESCRIPTION file’ in the ‘Writing R Extensions’ manual. Flavor: r-devel-linux-x86_64-debian-gcc

Version: 0.6.0
Check: installed package size
Result: NOTE installed size is 7.7Mb sub-directories of 1Mb or more: libs 5.8Mb Flavors: r-devel-linux-x86_64-fedora-clang, r-devel-windows-x86_64, r-release-macos-arm64, r-release-macos-x86_64, r-release-windows-x86_64, r-oldrel-macos-arm64, r-oldrel-macos-x86_64, r-oldrel-windows-x86_64