CRAN Package Check Results for Package sde

Last updated on 2024-07-15 06:49:38 CEST.

Flavor Version Tinstall Tcheck Ttotal Status Flags
r-devel-linux-x86_64-debian-clang 2.0.18 9.57 111.92 121.49 NOTE
r-devel-linux-x86_64-debian-gcc 2.0.18 9.63 83.21 92.84 NOTE
r-devel-linux-x86_64-fedora-clang 2.0.18 161.97 NOTE
r-devel-linux-x86_64-fedora-gcc 2.0.18 159.94 NOTE
r-devel-windows-x86_64 2.0.18 13.00 116.00 129.00 NOTE
r-patched-linux-x86_64 2.0.18 8.85 109.84 118.69 OK
r-release-linux-x86_64 2.0.18 10.59 102.27 112.86 OK
r-release-macos-arm64 2.0.18 51.00 OK
r-release-macos-x86_64 2.0.18 74.00 OK
r-release-windows-x86_64 2.0.18 14.00 114.00 128.00 OK
r-oldrel-macos-arm64 2.0.18 58.00 OK
r-oldrel-macos-x86_64 2.0.18 86.00 OK
r-oldrel-windows-x86_64 2.0.18 17.00 130.00 147.00 OK

Check Details

Version: 2.0.18
Check: compiled code
Result: NOTE File ‘sde/libs/sde.so’: Found non-API call to R: ‘SET_TYPEOF’ Compiled code should not call non-API entry points in R. See ‘Writing portable packages’ in the ‘Writing R Extensions’ manual, and section ‘Moving into C API compliance’ for issues with the use of non-API entry points. Flavors: r-devel-linux-x86_64-debian-clang, r-devel-linux-x86_64-debian-gcc, r-devel-linux-x86_64-fedora-clang, r-devel-linux-x86_64-fedora-gcc

Version: 2.0.18
Check: compiled code
Result: NOTE File 'sde/libs/x64/sde.dll': Found non-API call to R: 'SET_TYPEOF' Compiled code should not call non-API entry points in R. See 'Writing portable packages' in the 'Writing R Extensions' manual, and section 'Moving into C API compliance' for issues with the use of non-API entry points. Flavor: r-devel-windows-x86_64