CRAN Package Check Results for Package schrute

Last updated on 2024-07-24 06:57:27 CEST.

Flavor Version Tinstall Tcheck Ttotal Status Flags
r-devel-linux-x86_64-debian-clang 1.0.1 4.34 36.39 40.73 OK
r-devel-linux-x86_64-debian-gcc 1.0.1 3.60 28.32 31.92 OK
r-devel-linux-x86_64-fedora-clang 1.0.1 52.71 NOTE
r-devel-linux-x86_64-fedora-gcc 1.0.1 62.35 NOTE
r-devel-windows-x86_64 1.0.1 5.00 51.00 56.00 OK
r-patched-linux-x86_64 1.0.1 4.13 35.02 39.15 OK
r-release-linux-x86_64 1.0.1 3.52 34.31 37.83 OK
r-release-macos-arm64 1.0.1 26.00 OK
r-release-macos-x86_64 1.0.1 44.00 OK
r-release-windows-x86_64 1.0.1 6.00 49.00 55.00 OK
r-oldrel-macos-arm64 1.0.1 31.00 OK
r-oldrel-macos-x86_64 1.0.1 41.00 OK
r-oldrel-windows-x86_64 1.0.1 6.00 55.00 61.00 OK

Check Details

Version: 1.0.1
Check: data for non-ASCII characters
Result: NOTE Note: found 464 marked UTF-8 strings Flavors: r-devel-linux-x86_64-fedora-clang, r-devel-linux-x86_64-fedora-gcc