CRAN Package Check Results for Package scSorter

Last updated on 2024-07-13 06:49:51 CEST.

Flavor Version Tinstall Tcheck Ttotal Status Flags
r-devel-linux-x86_64-debian-clang 0.0.2 3.11 119.00 122.11 NOTE
r-devel-linux-x86_64-debian-gcc 0.0.2 1.92 82.69 84.61 NOTE
r-devel-linux-x86_64-fedora-clang 0.0.2 152.74 NOTE
r-devel-linux-x86_64-fedora-gcc 0.0.2 162.09 NOTE
r-devel-windows-x86_64 0.0.2 3.00 113.00 116.00 NOTE
r-patched-linux-x86_64 0.0.2 2.74 118.19 120.93 NOTE
r-release-linux-x86_64 0.0.2 2.46 115.00 117.46 NOTE
r-release-macos-arm64 0.0.2 53.00 NOTE
r-release-macos-x86_64 0.0.2 87.00 NOTE
r-release-windows-x86_64 0.0.2 4.00 110.00 114.00 NOTE
r-oldrel-macos-arm64 0.0.2 55.00 NOTE
r-oldrel-macos-x86_64 0.0.2 101.00 NOTE
r-oldrel-windows-x86_64 0.0.2 4.00 121.00 125.00 NOTE

Check Details

Version: 0.0.2
Check: LazyData
Result: NOTE 'LazyData' is specified without a 'data' directory Flavors: r-devel-linux-x86_64-debian-clang, r-devel-linux-x86_64-debian-gcc, r-devel-linux-x86_64-fedora-clang, r-devel-linux-x86_64-fedora-gcc, r-devel-windows-x86_64, r-patched-linux-x86_64, r-release-linux-x86_64, r-release-macos-arm64, r-release-macos-x86_64, r-release-windows-x86_64, r-oldrel-macos-arm64, r-oldrel-macos-x86_64, r-oldrel-windows-x86_64