CRAN Package Check Results for Package satin

Last updated on 2024-07-16 07:01:51 CEST.

Flavor Version Tinstall Tcheck Ttotal Status Flags
r-devel-linux-x86_64-debian-clang 1.1.0 7.84 59.31 67.15 OK
r-devel-linux-x86_64-debian-gcc 1.1.0 5.90 45.80 51.70 OK
r-devel-linux-x86_64-fedora-clang 1.1.0 84.89 OK
r-devel-linux-x86_64-fedora-gcc 1.1.0 81.42 OK
r-devel-windows-x86_64 1.1.0 6.00 71.00 77.00 NOTE
r-patched-linux-x86_64 1.1.0 10.44 58.88 69.32 OK
r-release-linux-x86_64 1.1.0 7.02 58.36 65.38 OK
r-release-macos-arm64 1.1.0 25.00 OK
r-release-macos-x86_64 1.1.0 44.00 OK
r-release-windows-x86_64 1.1.0 6.00 70.00 76.00 OK
r-oldrel-macos-arm64 1.1.0 28.00 OK
r-oldrel-macos-x86_64 1.1.0 45.00 OK
r-oldrel-windows-x86_64 1.1.0 6.00 80.00 86.00 OK

Check Details

Version: 1.1.0
Check: Rd cross-references
Result: NOTE Found the following Rd file(s) with Rd \link{} targets missing package anchors: crop.Rd: getpoly isolines.Rd: convCP, PolySet Please provide package anchors for all Rd \link{} targets not in the package itself and the base packages. Flavor: r-devel-windows-x86_64